hat is the remainder when 385 is divided by 43?
41
What is the remainder when 356 is divided by 33?
26
What is the remainder when 65 is divided by 7?
2
What is the remainder when 261 is divided by 39?
27
What is the remainder when 148 is divided by 6?
4
Calculate the remainder when 690 is divided by 18.
6
Calculate the remainder when 9174 is divided by 21.
18
What is the remainder when 330 is divided by 158?
14
Calculate the remainder when 1495 is divided by 68.
67
Calculate the remainder when 59 is divided by 16.
11
Calculate the remainder when 1173 is divided by 70.
53
Calculate the remainder when 383 is divided by 52.
19
Calculate the remainder when 498 is divided by 9.
3
What is the remainder when 241 is divided by 8?
1
What is the remainder when 14730 is divided by 53?
49
What is the remainder when 2822 is divided by 938?
8
Calculate the remainder when 57 is divided by 24.
9
What is the remainder when 60 is divided by 34?
26
Calculate the remainder when 330 is divided by 64.
10
What is the remainder when 7917 is divided by 34?
29
What is the remainder when 3765 is divided by 748?
25
Calculate the remainder when 258 is divided by 127.
4
Calculate the remainder when 67 is divided by 23.
21
What is the remainder when 75 is divided by 1?
0
Calculate the remainder when 185 is divided by 35.
10
What is the remainder when 557 is divided by 25?
7
Calculate the remainder when 164 is divided by 89.
75
What is the remainder when 213 is divided by 65?
18
What is the remainder when 411 is divided by 100?
11
Calculate the remainder when 36 is divided by 29.
7
What is the remainder when 238 is divided by 108?
22
Calculate the remainder when 333 is divided by 269.
64
Calculate the remainder when 66 is divided by 63.
3
What is the remainder when 1002 is divided by 122?
26
What is the remainder when 18 is divided by 9?
0
Calculate the remainder when 10706 is divided by 11.
3
What is the remainder when 330 is divided by 48?
42
Calculate the remainder when 620 is divided by 14.
4
Calculate the remainder when 223 is divided by 19.
14
Calculate the remainder when 104 is divided by 3.
2
Calculate the remainder when 302 is divided by 21.
8
What is the remainder when 1462 is divided by 61?
59
What is the remainder when 1108 is divided by 224?
212
Calculate the remainder when 381 is divided by 64.
61
Calculate the remainder when 45 is divided by 17.
11
What is the remainder when 418 is divided by 119?
61
Calculate the remainder when 657 is divided by 55.
52
What is the remainder when 1185 is divided by 44?
41
What is the remainder when 154 is divided by 18?
10
What is the remainder when 436 is divided by 106?
12
What is the remainder when 179 is divided by 46?
41
Calculate the remainder when 58 is divided by 16.
10
What is the remainder when 331 is divided by 32?
11
Calculate the remainder when 1610 is divided by 120.
50
Calculate the remainder when 120 is divided by 63.
57
What is the remainder when 257 is divided by 7?
5
Calculate the remainder when 28043 is divided by 164.
163
What is the remainder when 122 is divided by 105?
17
What is the remainder when 576 is divided by 289?
287
Calculate the remainder when 88 is divided by 39.
10
Calculate the remainder when 94 is divided by 34.
26
Calculate the remainder when 12798 is divided by 194.
188
Calculate the remainder when 82 is divided by 14.
12
Calculate the remainder when 102 is divided by 12.
6
Calculate the remainder when 1634 is divided by 54.
14
What is the remainder when 34 is divided by 21?
13
Calculate the remainder when 2584 is divided by 38.
0
What is the remainder when 142 is divided by 73?
69
Calculate the remainder when 556 is divided by 62.
60
Calculate the remainder when 124 is divided by 9.
7
What is the remainder when 76 is divided by 26?
24
What is the remainder when 1018 is divided by 15?
13
Calculate the remainder when 209 is divided by 15.
14
What is the remainder when 26 is divided by 22?
4
Calculate the remainder when 327 is divided by 53.
9
Calculate the remainder when 1670 is divided by 44.
42
Calculate the remainder when 182 is divided by 43.
10
What is the remainder when 2721 is divided by 109?
105
What is the remainder when 157 is divided by 10?
7
Calculate the remainder when 100 is divided by 51.
49
What is the remainder when 2148 is divided by 18?
6
What is the remainder when 153 is divided by 3?
0
What is the remainder when 249 is divided by 45?
24
What is the remainder when 645 is divided by 27?
24
What is the remainder when 20370 is divided by 24?
18
Calculate the remainder when 311 is divided by 15.
11
Calculate the remainder when 1565 is divided by 28.
25
Calculate the remainder when 1532 is divided by 64.
60
Calculate the remainder when 54 is divided by 49.
5
What is the remainder when 1219 is divided by 34?
29
Calculate the remainder when 51 is divided by 24.
3
Calculate the remainder when 2963 is divided by 78.
77
What is the remainder when 1255 is divided by 28?
23
What is the remainder when 209 is divided by 56?
41
Calculate the remainder when 156 is divided by 80.
76
Calculate the remainder when 170 is divided by 55.
5
What is the remainder when 2057 is divided by 42?
41
What is the remainder when 340 is divided by 167?
6
What is the remainder when 10170 is divided by 124?
2
Calculate the remainder when 181 is divided by 37.
33
Calculate the remainder when 1087 is divided by 109.
106
Calculate the remainder when 497 is divided by 6.
5
Calculate the remainder when 3107 is divided by 5.
2
What is the remainder when 9498 is divided by 18?
12
Calculate the remainder when 7784 is divided by 33.
29
Calculate the remainder when 75 is divided by 26.
23
What is the remainder when 40 is divided by 14?
12
What is the remainder when 205 is divided by 22?
7
Calculate the remainder when 6068 is divided by 75.
68
Calculate the remainder when 69 is divided by 20.
9
Calculate the remainder when 144 is divided by 94.
50
Calculate the remainder when 415 is divided by 105.
100
What is the remainder when 9633 is divided by 66?
63
Calculate the remainder when 22 is divided by 9.
4
Calculate the remainder when 25 is divided by 5.
0
What is the remainder when 106 is divided by 23?
14
Calculate the remainder when 113 is divided by 65.
48
Calculate the remainder when 140 is divided by 31.
16
Calculate the remainder when 209 is divided by 42.
41
What is the remainder when 442 is divided by 12?
10
Calculate the remainder when 3818 is divided by 50.
18
Calculate the remainder when 2976 is divided by 157.
150
What is the remainder when 611 is divided by 149?
15
Calculate the remainder when 934 is divided by 42.
10
What is the remainder when 258 is divided by 37?
36
What is the remainder when 575 is divided by 17?
14
What is the remainder when 1021 is divided by 31?
29
Calculate the remainder when 755 is divided by 63.
62
Calculate the remainder when 1701 is divided by 37.
36
Calculate the remainder when 5733 is divided by 5.
3
What is the remainder when 79 is divided by 12?
7
Calculate the remainder when 573 is divided by 286.
1
Calculate the remainder when 35 is divided by 12.
11
Calculate the remainder when 61 is divided by 56.
5
Calculate the remainder when 713 is divided by 49.
27
What is the remainder when 409 is divided by 63?
31
Calculate the remainder when 870 is divided by 25.
20
What is the remainder when 82 is divided by 67?
15
Calculate the remainder when 94 is divided by 51.
43
What is the remainder when 1114 is divided by 31?
29
What is the remainder when 6570 is divided by 3281?
8
What is the remainder when 336 is divided by 31?
26
Calculate the remainder when 46 is divided by 4.
2
Calculate the remainder when 66 is divided by 41.
25
Calculate the remainder when 269 is divided by 91.
87
What is the remainder when 274 is divided by 46?
44
What is the remainder when 671 is divided by 16?
15
What is the remainder when 101 is divided by 13?
10
What is the remainder when 247 is divided by 16?
7
What is the remainder when 1874 is divided by 125?
124
Calculate the remainder when 5400 is divided by 146.
144
Calculate the remainder when 485 is divided by 16.
5
What is the remainder when 2573 is divided by 92?
89
What is the remainder when 359 is divided by 24?
23
What is the remainder when